e factors of 6749.
17, 397
What are the prime factors of 3931?
3931
What are the prime factors of 791?
7, 113
List the prime factors of 31944.
2, 3, 11
What are the prime factors of 1655?
5, 331
What are the prime factors of 25552?
2, 1597
What are the prime factors of 96581?
96581
What are the prime factors of 1309?
7, 11, 17
List the prime factors of 11390.
2, 5, 17, 67
List the prime factors of 1269.
3, 47
List the prime factors of 118958.
2, 7, 29, 293
List the prime factors of 32173.
32173
List the prime factors of 1614.
2, 3, 269
List the prime factors of 3424.
2, 107
What are the prime factors of 5691?
3, 7, 271
List the prime factors of 2474.
2, 1237
List the prime factors of 1288.
2, 7, 23
List the prime factors of 5185.
5, 17, 61
What are the prime factors of 3472?
2, 7, 31
What are the prime factors of 15686?
2, 11, 23, 31
List the prime factors of 917.
7, 131
What are the prime factors of 9928?
2, 17, 73
What are the prime factors of 18149?
18149
List the prime factors of 146083.
7, 41, 509
What are the prime factors of 7667?
11, 17, 41
List the prime factors of 833.
7, 17
List the prime factors of 36960.
2, 3, 5, 7, 11
What are the prime factors of 60565?
5, 12113
List the prime factors of 1127.
7, 23
What are the prime factors of 781?
11, 71
List the prime factors of 57709.
57709
What are the prime factors of 1474?
2, 11, 67
What are the prime factors of 8489?
13, 653
List the prime factors of 4.
2
List the prime factors of 13311.
3, 17, 29
What are the prime factors of 16610?
2, 5, 11, 151
What are the prime factors of 10531?
10531
List the prime factors of 20261.
20261
What are the prime factors of 94301?
181, 521
List the prime factors of 47180.
2, 5, 7, 337
What are the prime factors of 16106?
2, 8053
What are the prime factors of 73027?
103, 709
What are the prime factors of 5320?
2, 5, 7, 19
List the prime factors of 959.
7, 137
What are the prime factors of 80545?
5, 89, 181
List the prime factors of 540.
2, 3, 5
List the prime factors of 314.
2, 157
What are the prime factors of 1049?
1049
List the prime factors of 1029.
3, 7
What are the prime factors of 839?
839
List the prime factors of 1735.
5, 347
List the prime factors of 26.
2, 13
List the prime factors of 150183.
3, 11, 37, 41
What are the prime factors of 7560?
2, 3, 5, 7
List the prime factors of 13480.
2, 5, 337
What are the prime factors of 1615?
5, 17, 19
List the prime factors of 3104.
2, 97
List the prime factors of 14921.
43, 347
What are the prime factors of 1114?
2, 557
What are the prime factors of 1081?
23, 47
What are the prime factors of 158?
2, 79
What are the prime factors of 803?
11, 73
List the prime factors of 6677.
11, 607
What are the prime factors of 86?
2, 43
List the prime factors of 206.
2, 103
What are the prime factors of 3193?
31, 103
List the prime factors of 10321.
10321
List the prime factors of 160353.
3, 5939
What are the prime factors of 37896?
2, 3, 1579
List the prime factors of 58366.
2, 7, 11, 379
List the prime factors of 558.
2, 3, 31
List the prime factors of 15309.
3, 7
List the prime factors of 7568.
2, 11, 43
List the prime factors of 2323.
23, 101
What are the prime factors of 2469?
3, 823
List the prime factors of 184.
2, 23
What are the prime factors of 4617?
3, 19
What are the prime factors of 906?
2, 3, 151
List the prime factors of 13323.
3, 4441
List the prime factors of 77442.
2, 3, 12907
What are the prime factors of 1096?
2, 137
List the prime factors of 2629.
11, 239
What are the prime factors of 512?
2
What are the prime factors of 31562?
2, 43, 367
What are the prime factors of 869?
11, 79
What are the prime factors of 1263?
3, 421
What are the prime factors of 14560?
2, 5, 7, 13
List the prime factors of 32627.
7, 59, 79
List the prime factors of 1207.
17, 71
List the prime factors of 205.
5, 41
What are the prime factors of 2633?
2633
List the prime factors of 639.
3, 71
List the prime factors of 2248.
2, 281
What are the prime factors of 28993?
79, 367
What are the prime factors of 5767?
73, 79
List the prime factors of 1994.
2, 997
List the prime factors of 6113.
6113
List the prime factors of 17533.
89, 197
What are the prime factors of 58790?
2, 5, 5879
List the prime factors of 1993.
1993
List the prime factors of 9781.
9781
What are the prime factors of 15869?
7, 2267
What are the prime factors of 68?
2, 17
What are the prime factors of 131741?
47, 2803
List the prime factors of 193.
193
What are the prime factors of 1052?
2, 263
What are the prime factors of 13056?
2, 3, 17
List the prime factors of 798.
2, 3, 7, 19
What are the prime factors of 14442?
2, 3, 29, 83
What are the prime factors of 2349?
3, 29
List the prime factors of 1282.
2, 641
What are the prime factors of 4877?
4877
List the prime factors of 2761.
11, 251
What are the prime factors of 590?
2, 5, 59
List the prime factors of 289.
17
List the prime factors of 8030.
2, 5, 11, 73
What are the prime factors of 6772?
2, 1693
List the prime factors of 19053.
3, 29, 73
List the prime factors of 8543.
8543
What are the prime factors of 7307?
7307
List the prime factors of 9875.
5, 79
List the prime factors of 15005.
5, 3001
List the prime factors of 2530.
2, 5, 11, 23
What are the prime factors of 213?
3, 71
List the prime factors of 329.
7, 47
List the prime factors of 24336.
2, 3, 13
What are the prime factors of 537?
3, 179
What are the prime factors of 6180?
2, 3, 5, 103
List the prime factors of 2572.
2, 643
List the prime factors of 33434.
2, 73, 229
List the prime factors of 711.
3, 79
What are the prime factors of 2754?
2, 3, 17
What are the prime factors of 20210?
2, 5, 43, 47
List the prime factors of 36561.
3, 7, 1741
List the prime factors of 112462.
2, 7, 29, 277
List the prime factors of 779.
19, 41
List the prime factors of 74745.
3, 5, 11, 151
List the prime factors of 73818.
2, 3, 1367
What are the prime factors of 3677?
3677
What are the prime factors of 89954?
2, 41, 1097
What are the prime factors of 61492?
2, 15373
List the prime factors of 124.
2, 31
What are the prime factors of 74919?
3, 13, 17, 113
List the prime factors of 233.
233
What are the prime factors of 4815?
3, 5, 107
List the prime factors of 2433.
3, 811
List the prime factors of 45224.
2, 5653
What are the prime factors of 1413?
3, 157
List the prime factors of 142763.
367, 389
List the prime factors of 678.
2, 3, 113
List the prime factors of 22525.
5, 17, 53
List the prime factors of 37861.
37861
What are the prime factors of 3073?
7, 439
What are the prime factors of 4214?
2, 7, 43
What are the prime factors of 898?
2, 449
What are the prime factors of 48665?
5, 9733
What are the prime factors of 25548?
2, 3, 2129
List the prime factors of 30702.
2, 3, 7, 17, 43
List the prime factors of 2383.
2383
What are the prime factors of 633?
3, 211
List the prime factors of 963.
3, 107
List the prime factors of 47513.
47513
List the prime factors of 37312.
2, 11, 53
List the prime factors of 1177.
11, 107
List the prime factors of 304.
2, 19
What are the prime factors of 192?
2, 3
What are the prime factors of 35381?
35381
List the prime factors of 45962.
2, 7, 67
What are the prime factors of 1115?
5, 223
What are the prime factors of 54329?
11, 449
What are the prime factors of 16525?
5, 661
What are the prime factors of 1582?
2, 7, 113
What are the prime factors of 854?
2, 7, 61
List the prime factors of 877.
877
List the prime factors of 7842.
2, 3, 1307
List the prime factors of 141382.
2, 223, 317
List the prime factors of 134283.
3, 17, 2633
List the prime factors of 1760.
2, 5, 11
List the prime factors of 6903.
3, 13, 59
What are the prime factors of 23739?
3, 41, 193
List the prime factors of 783.
3, 29
List the prime factors of 13156.
2, 11, 13, 23
List the prime factors of 2112.
2, 3, 11
List the prime factors of 1624.
2, 7, 29
List the prime factors of 5607.
3, 7, 89
List the prime factors of 3230.
2, 5, 17, 19
List the prime factors of 6638.
2, 3319
What are the prime factors of 4454?
2, 17, 131
What are the prime factors of 74219?
74219
What are the prime factors of 1861?
1861
What are the prime factors of 183?
3, 61
List the prime factors of 1397.
11, 127
List the prime factors of 1567.
1567
What are the prime factors of 30714?
2, 3, 511